) - t/22?
3
Let s(j) = -j**3 - 5*j**2 - 3*j - 5. Let g be s(-4). What is the units digit of -6 - g - -9*4?
9
Let z(u) = u**2 + 11*u + 15. Let j be z(-10). Suppose 2*a + 7 = 4*x + 1, 5*x = -j*a + 30. What is the units digit of a?
3
Suppose 20 = -u + 6*u. Suppose -4*g = -4*y + 56, -4*g + 112 = u*y + 24. What is the tens digit of y?
1
Let u(b) = -29*b**2 + 9*b - 7. Let y(m) = -43*m**2 + 14*m - 11. Let s(v) = -8*u(v) + 5*y(v). What is the units digit of s(1)?
6
Let o(w) = -10*w + 5. Let p be o(-4). Let y = p - 21. Suppose 0*x + 2*x - y = 0. What is the tens digit of x?
1
Suppose 0 = -5*n - 1 + 11. Let x(w) = -2 - 1 - 4*w**n + 3*w**2 + 1 + 13*w. What is the tens digit of x(12)?
1
Let c = 14 + -7. What is the units digit of c?
7
Let k(l) = l**3 + l**2 - l + 2. Let w be k(0). Suppose -w*j = -0*j - 14. What is the units digit of j?
7
Suppose -14 = -5*l + 26. What is the units digit of l?
8
Let j = -1 - -5. Suppose 0 = 3*x - 13 + j. What is the units digit of x?
3
Let j = -1 + 1. Let u = 81 - 47. Suppose 4*w - 2*t = w + 26, -4*w + 2*t + u = j. What is the units digit of w?
8
Suppose -4*u + 3*u + 6 = 0. Let m = u + 0. What is the units digit of m?
6
Let o(h) = 6*h**3 - h**2 - 2*h + 1. What is the units digit of o(2)?
1
Suppose -5*d - 98 = -288. What is the units digit of d?
8
Let s(t) be the second derivative of 7/2*t**2 + 0 - t + 1/20*t**5 + 3/4*t**4 + 4/3*t**3. What is the units digit of s(-8)?
7
Let o = 266 + -171. What is the tens digit of o?
9
Let t(n) = 17*n**3 - n. Suppose -4*l = -2*s + 2, -3*l - 8 - 1 = -4*s. What is the tens digit of t(l)?
1
What is the units digit of (-194)/(-10) - 4/10?
9
Let k = 56 + -40. What is the units digit of k?
6
Let b be (-5)/(-5)*(24 + 1). Suppose 2*j - 82 = -4*k, -k + 0*k - 2*j = -b. What is the units digit of k?
9
Let u(q) = -31*q**3 + 2*q**2 - 7*q - 11. What is the hundreds digit of u(-2)?
2
Let j(q) be the second derivative of -q**3/6 - q**2/2 - q. Let l be j(-2). Let h(y) = 4*y + 1. What is the units digit of h(l)?
5
Let h be (4/14)/(2/14). Suppose h*o + 4*z - 22 = 0, 3*o - 2*z = 3*z. Suppose 0 = 3*r + o*j - 40, r + 5 = 4*j - 2*j. What is the units digit of r?
5
What is the tens digit of -1 - (-4 - -2) - -59?
6
Let b(z) = z**2 + 5*z + 6. Let o be b(-4). What is the units digit of ((-2)/o)/(3 - 4)?
1
Let l be (-20)/(-8)*(-12)/10. What is the units digit of (-152)/(-16) + l/6?
9
Let o = 203 + -116. Suppose -12 = -5*t - o. What is the units digit of ((-8)/(-12))/((-2)/t)?
5
What is the tens digit of (-2 + 398 + -3)/3?
3
Let l be 1 - 0 - -7*1. Suppose -5*f = -5*o + 28 - 8, -4*o = -3*f - 14. Suppose o*t = a - l, 0*a = -a - 5*t - 6. What is the units digit of a?
4
Let u(s) = 2*s + 14. Let w be u(14). Suppose 0 = 2*x - 0*x - w. What is the tens digit of x?
2
Let h(w) = w**2 - w - 2. Let q be h(-3). Suppose 3*c + 24 = 5*u + c, -5*u + q = 5*c. Suppose 45 = u*d + d. What is the units digit of d?
9
Suppose -3*w + 11 = 5. Suppose 16 = -0*h + w*h. What is the units digit of h?
8
Suppose -37 = -4*m - v - 14, 3*v - 3 = -m. What is the units digit of m?
6
Suppose 13 = 4*y - 15. Suppose -2*b = -y*b + 85. What is the tens digit of b?
1
Let o(z) = z**3 + 6*z**2 + 4. Let v be o(-6). Suppose -2*k - v = -k. What is the units digit of (-1)/(-2) + (-22)/k?
6
Suppose -2*u - 2 = 3*w - 52, w = -3*u + 61. Suppose -x = 2*q - u, -4 = -4*q + 5*x - 1. What is the units digit of q?
7
Let u(b) = -b**3 - 2*b**2 + 5*b + 6. Let t(j) = 2*j. Let v be t(-2). Let y be u(v). Suppose 2*d - d = y. What is the tens digit of d?
1
Let b(u) = -u**3 - u**2. Let r be b(-2). Suppose r*a = -a + 45. What is the units digit of a?
9
Suppose -6*h + 394 = -80. What is the units digit of h?
9
Let y = 30 + 25. What is the tens digit of y?
5
Let o(j) = -2*j + 1. Let z be o(-1). Suppose 41 = z*i - 4. Suppose h + i = 6*h. What is the units digit of h?
3
What is the tens digit of 6 - 51/9 - (-136)/6?
2
Let n(q) be the third derivative of -q**4/12 - 5*q**3/6 - 2*q**2. What is the tens digit of n(-10)?
1
Let z = -23 + 33. Let w(r) = 11*r**3 + 9 - z*r - 10*r**3 + r**2 - 5*r**2. What is the tens digit of w(6)?
2
Let c be (3 + -2)*(1 + 3). Suppose 2*p + 38 = c*p. What is the units digit of p?
9
Let a(h) = -h**3 - 4*h**2 - h - 2. Let z be a(-4). Suppose -5*f = 2*t - 5, -z*f + 6 = -2*t - 10. Suppose -f*d + 8 = d. What is the units digit of d?
2
Let z = 121 + 129. What is the hundreds digit of z?
2
Let a(j) = -j**3 + 10*j**2 - 11*j + 11. Let h be a(9). Let g(q) = -8 - 9*q + 2*q**2 - q**2 - 2*q**2. What is the units digit of g(h)?
6
What is the tens digit of 14*(1 - (-15)/5)?
5
Suppose 4 = 5*z + 14. Let b be 5*1*2/z. Let h(j) = j**3 + 4*j**2 - 8*j - 6. What is the units digit of h(b)?
9
Suppose 5*j - 4*r - 254 = 0, -r = -2*j + 3*r + 104. What is the units digit of j?
0
Suppose 4*f - 160 = -3*s + 2*f, -2*f - 176 = -3*s. What is the units digit of s?
6
Suppose 2*p = -2*r - 4, 5 = -3*r + 17. Suppose 0 = -3*l + 5*u - 23, 3*l + 3*u = -2*u - 43. Let o = p - l. What is the units digit of o?
5
Suppose l + 0 = 1. Suppose 9 + l = 2*t. What is the units digit of t?
5
Suppose l + l = p + 2, -5*p = -l - 17. Suppose 5*j + 21 = -n - 0*n, n + p*j + 16 = 0. Suppose 8 = n*c - 0. What is the units digit of c?
2
Let p(n) = 12*n**2 + 5*n - 9. What is the units digit of p(2)?
9
Let k(l) = l**2 - 6*l + 7. Let r be k(5). Suppose o + j = 7, r*o - j + 7 = 4*j. Suppose 4*y - 35 = -5*q, 1 = -y + o*q - 2*q. What is the units digit of y?
5
Suppose 287 = 8*g - g. What is the units digit of g?
1
Let x(g) = -g**2 - 7*g - 1. What is the tens digit of x(-4)?
1
Let v(h) = 4*h**3 + h**2 + 9*h - 3. Let s(b) = b**3 + b**2 + b. Let y(z) = -5*s(z) + v(z). What is the units digit of y(-5)?
2
What is the units digit of (0/4 - -9)*3?
7
Let r(k) = 9*k**2 + 4*k - 1. What is the units digit of r(2)?
3
Let p = 13 + -6. Let n(q) be the third derivative of -q**5/60 + q**4/4 + 3*q**3/2 - q**2. What is the units digit of n(p)?
2
Suppose 15*i + 60 = 20*i. What is the units digit of i?
2
Let b = -84 - -208. What is the units digit of b?
4
Let g(r) = -r**3 + r. Suppose -1 = 3*c - 4. Let h be g(c). Suppose -2*s - 3 + 11 = h. What is the units digit of s?
4
Suppose 4*s = 110 + 34. What is the tens digit of s?
3
Let j = 43 + -12. What is the tens digit of j?
3
Suppose -3*l = l - 316. What is the units digit of l?
9
Suppose 0 = 7*m - 11*m + 84. What is the tens digit of m?
2
Let x = 1 + 0. Let h be 156/27 - 4/(-18). Suppose x = -q + h. What is the units digit of q?
5
Suppose c + 138 = 4*z - 0*c, 5*z - 180 = 5*c. What is the tens digit of z?
3
Let o(j) = j**2 - 5*j + 4. Let h(c) = -1. Let d(k) = -h(k) - o(k). Suppose 2*t = -3*q + 6, 0 = 2*t - 3*t + q + 3. What is the units digit of d(t)?
3
Let q(l) = 4*l + 14. Let h(s) = 5*s + 13. Let i(w) = -5*h(w) + 6*q(w). What is the units digit of i(11)?
8
Suppose 0*o + o = 6. Let v = o - 6. What is the units digit of 1/((-1)/(-4) - v)?
4
Let p be (2 - 6)/(-4) + -2. Let f = 3 + p. What is the units digit of f?
2
Let f = 58 - 18. Suppose -3*y = -5*y + f. What is the units digit of y?
0
Suppose 0 = 3*h - 2*i - 339, -2*h + 3*h - 100 = 5*i. What is the tens digit of h?
1
Suppose 2*z = 3*b + 203, 2*z + 2*z - 2*b = 410. What is the tens digit of z?
0
Suppose f - 202 = 4*g, 2*f - 4*g - 392 = g. What is the units digit of f?
6
Suppose -4*v + 6 = -10. What is the units digit of v?
4
Suppose 0 = -7*z + 3*z - 3*h + 486, 361 = 3*z + 4*h. What is the units digit of z?
3
Let k = -12 + 15. Suppose 42 + 4 = k*b + 4*u, 60 = 3*b - 3*u. What is the units digit of b?
8
Suppose -h + 17 = 4*q, 0 = -h - 5*q + 8 + 6. Let m = 47 - h. What is the tens digit of m?
1
Suppose -n = 4 - 0. Let v be 2*(-2)/n - -2. What is the units digit of (-7)/(1 - (v - 1))?
7
Suppose 10 = -u - 0*u. What is the units digit of (28/u)/(14/(-35))?
7
Let i(y) be the second derivative of -13*y**3/6 - y**2/2 + y. Let f be i(2). What is the units digit of 2/9 + (-75)/f?
3
Let b be (-2)/(-2) + 0 + 0. What is the units digit of (0 - b)/((-1)/2)?
2
Let l(v) = -v - 13. Let t(x) = 1. Let g(c) = -l(c) - 4*t(c). Let z be g(-7). Suppose -z*w - 2*b - 8 = -18, 2*w - 22 = 4*b. What is the units digit of w?
7
Let i(f) = -f**3 - 10*f**2 - 13*f - 2. What is the tens digit of i(-9)?
3
Let h be 94/(6/3) + 1. Let a = 71 - h. What is the units digit of a?
3
Let j(a) =